ose -u = -2*b - 2*d, 2*b - c*d + 2 - 118 = 0. What is the tens digit of b?
5
Let y(u) = 4*u + 74. Let w be y(-19). What is the hundreds digit of ((-374)/33)/(w/21)?
1
Let s(f) = f - 41. Let a be s(8). Let u = a - -114. What is the tens digit of u?
8
Let x(y) = -121*y**3 - 2*y**2 - 12*y - 11. What is the hundreds digit of x(-3)?
2
Let w(y) = 2*y + 10. Let j(a) = -a + 12. Let f be j(10). Let o be f/(-3) - 160/(-24). What is the units digit of w(o)?
2
Suppose 0*b + 42 = 5*s - 4*b, -4*s + 33 = -3*b. Suppose s*x - 13 = 83. What is the tens digit of x?
1
Let t = 4058 - 1983. What is the tens digit of t?
7
Let i be 3 - (4 - 205/5). Suppose -i*u + 43*u = 252. What is the units digit of u?
4
Let y be 0/(4/(-24) - (-14)/12). Let g(p) = p**2 + 1 + 0*p + p + 12. What is the units digit of g(y)?
3
Let b(o) = 3*o + 40. Let m be b(-10). Suppose -m*k - 125 = -585. What is the units digit of k?
6
Suppose -4*i + 2183 = 2*p - 675, -2*p - 1444 = -2*i. What is the hundreds digit of i?
7
Let v(g) = 3604*g**2 + 75*g + 76. What is the units digit of v(-1)?
5
Suppose 0 = -x - 4*l + 189, 945 = 5*x + 53*l - 55*l. What is the tens digit of x?
8
Let r(c) = -c**3 - 17*c**2 - 23*c - 16. Let i be r(-16). What is the tens digit of (3/(-9))/((-1)/i)?
3
Let y = 390 + -226. Let u = 349 - y. What is the hundreds digit of u?
1
Let f = -10 + 5. Let w be 0 + f/((-5)/(-51)). Let a = w + 103. What is the tens digit of a?
5
Let i = 612 - 413. What is the hundreds digit of i?
1
Suppose -2*b + 1464 = -2*h, -2*b - 7*h + 1460 = -5*h. What is the units digit of b?
1
Let f be (-2)/(-6) + (-40)/(-15). Let m(x) = 0*x**f + 1 - 2 - 7*x**2 + 0*x - x**3 - 7*x. What is the units digit of m(-6)?
5
Let w = 71 - 78. What is the tens digit of w/((-1)/(4/(-6)))*-12?
5
Suppose -5*u + 199 + 11 = 0. What is the units digit of u/3*(5 - 3)?
8
Suppose a = -a + 26. Suppose 11 = 3*o - 4*n, -6*n - a = -4*o - n. Let l = 1 - o. What is the units digit of l?
4
Suppose 4*u + 3*r + 165 = -79, -4*r = u + 74. Let d = u + 122. What is the tens digit of d?
6
Let j(x) = -x**3 - 7*x**2 + 34*x + 4. What is the units digit of j(-15)?
4
Suppose 7*s = -17 - 25. What is the units digit of (-35 + 17)*2/s?
6
What is the tens digit of (-1 - 1) + 4 + 2335/5?
6
Suppose 0 = -4*t + t - 12. What is the units digit of -1 + (t/(-5))/(6/630)?
3
Let p = -114 + 623. What is the tens digit of p?
0
Suppose 0 = -2*n - 2*s, -4*n + s + 35 = -2*s. Suppose -h - 4*m + 171 = 2*h, -3*h + n*m = -171. What is the tens digit of h?
5
Let c = 1722 + 67. What is the thousands digit of c?
1
Let h(b) = 14*b**2 + 20*b - 2. Let v(z) = z**2 + 8*z + 10. Let j be v(-3). What is the tens digit of h(j)?
4
Suppose -30 = 2*b + 3*b + 2*i, b - i = -13. What is the units digit of ((-208)/6)/(b/24)?
4
Let x(u) = -u**2 + 5*u + 7. Let k be x(6). Let o be 1 - (k - -2)/(-3). Suppose -5*m - 41 = -4*f, -8*f + 3*f - o*m = -10. What is the units digit of f?
4
Suppose 191*f = 203*f - 13224. What is the hundreds digit of f?
1
Let u = 103 + -73. What is the tens digit of u?
3
What is the tens digit of (2415/(-60) + 5)/(2/(-144))?
3
Let f = 12 - 8. Suppose -2*l + f = -4. Suppose 0 = -5*s + l*n + 80, -2*s - 4*n + 3 + 57 = 0. What is the units digit of s?
0
Let a = -76 + 152. Suppose 4*o = u + u - a, -u + 32 = -5*o. What is the units digit of u?
2
Let f be (-6)/84*2 + 1/7. Suppose f = -4*p + 5*o + 92, 5*o + 51 = -5*p + 166. What is the units digit of p?
3
Let a(l) = 34*l**2 - 3*l - 4. What is the units digit of a(3)?
3
What is the tens digit of (646/(-170))/(1/(-55))?
0
Let x(b) = -2*b**2 + 13*b + 1247. What is the units digit of x(0)?
7
What is the units digit of (-16857)/(-33) - 6/(-33)?
1
Suppose x - 14 = -9. Suppose -97 - 73 = -x*t. What is the tens digit of t?
3
Let x = 49 + -508. What is the units digit of ((-1)/(-3))/((-3)/x)?
1
Let m = -1895 + 165. What is the units digit of m/(-9) - 16/72?
2
Suppose -4 = -5*u + 11. Let m be 43 - 9/(-6 + u). Suppose -l + 4*b - b = -9, -2*l - b + m = 0. What is the tens digit of l?
2
Let y = -1502 + 2648. Suppose -10*h = -16*h + y. What is the tens digit of h?
9
Suppose -5*n + 1297 = -198. What is the hundreds digit of n?
2
Suppose -8*q = -3*q - 80. Let p be (1/2)/(4/q). Suppose 0 = p*b - v + 2, -5*v + 8 = 4*b - 4*v. What is the units digit of b?
1
Let a(q) be the second derivative of -q**4/12 + 7*q**3/3 - 11*q**2/2 - q. Let w = -2 - -8. What is the tens digit of a(w)?
3
Let p = -123 + 998. Suppose 2*w - 2*z + 201 - p = 0, w = -3*z + 329. What is the hundreds digit of w?
3
Suppose -3 = 3*w - 5*a, -4*a = 4*w - 11 - 17. Let v be 4/(16/2)*w. Suppose -v*g = -77 + 25. What is the units digit of g?
6
What is the hundreds digit of 3/((-3)/1) - (-568 - 8)?
5
What is the units digit of 4/8 - (-1393)/14 - -3?
3
Suppose 3*j = 6, 32*l = 36*l + 5*j - 17370. What is the thousands digit of l?
4
Let g = 149 - -559. What is the units digit of g?
8
Suppose -173*m + 183*m = 2840. What is the tens digit of m?
8
Suppose 18*x = 16*x + 68. What is the tens digit of 4/x + (-4570)/(-170)?
2
Suppose -w - 6 = -10. Suppose 5*m - 48 = -5*i + 97, w*i - 5*m = 134. What is the units digit of i?
1
Suppose -m - 6 + 2 = 0. Let j(t) = -10*t + 8. What is the tens digit of j(m)?
4
Let u(p) be the second derivative of -p**3/3 + 8*p. Let q be u(-17). What is the units digit of 610/17 + 4/q?
6
Let g = 19 - -49. Let d = 82 + -120. Let r = g + d. What is the tens digit of r?
3
Let i be (-11)/(66/(-42)) - 7. Let t(c) = -c**2 + 2*c - 28. Let r(a) = -2*a**2 + 3*a - 29. Let g(z) = 2*r(z) - 3*t(z). What is the units digit of g(i)?
6
Let n = -1592 - -2284. Suppose 11*z - 804 = n. What is the units digit of z?
6
Let n be (-6)/(-4)*22/3. Suppose -82 + 940 = n*m. What is the units digit of m?
8
Let d = -17 + 19. Suppose s + 2*j - 129 = 0, -206 = -d*s + 2*j + 22. What is the units digit of s?
9
Let j(t) = 5*t**2 - 2. Let d = 1 + -5. Let x be j(d). Suppose 3*z + 3*b - x = 0, -4*z = z - 4*b - 112. What is the tens digit of z?
2
Let l be (-6)/8 - (-133)/28. Let b(f) = 2*f**2 + 9*f + 5. What is the units digit of b(l)?
3
Suppose 14*n - 13*n - 2 = k, -3*k - 6 = 2*n. Suppose -244 = -4*x + o, -2*o - o = n. What is the tens digit of x?
6
Let f be (12/15)/((-2)/(-5)). Let a = f + 1. Suppose p = 2*b - 28, -4*b + 0*p - a*p + 36 = 0. What is the tens digit of b?
1
Let u be ((-5)/10)/((-2)/12). Suppose 2*n + 14 = u*n. What is the units digit of (-4)/n + 9/7?
1
Suppose -167*a + 80 = -159*a. What is the units digit of a?
0
Let j(b) = -b**3 - b**2 + 4*b - 4. Let h be j(-5). Let t = 54 - h. What is the tens digit of t*(-3 - -2) - -1?
2
Let y(p) = -p**2 + 10*p + 15. Let q be y(11). Suppose -q*a - 2 = -18. Suppose 5*z - a*h - 303 = 0, 2*h - 226 = -4*z - 3*h. What is the tens digit of z?
5
Suppose 12 = -2*k + 5*x, 3*k + 3*x = 19 + 5. Suppose -k*p + 16 = 4*a - 24, 0 = -p + a + 6. What is the units digit of p?
8
Let k(t) = t**2 - 9*t + 9. Let s be k(6). What is the units digit of (-8)/((-24)/s)*-11?
3
Suppose j - 596 = -4*i + 6*j, 4*j + 448 = 3*i. What is the units digit of 2 - -2 - (7 - i)?
1
Let s(j) = -317*j**3 - 6*j**2 - 4*j + 2. What is the units digit of s(-1)?
7
Let m(z) = -z**3 - 15*z**2 + 15*z - 9. Let q be m(-16). Suppose 10*o = q*o + 99. What is the tens digit of o?
3
Let p(y) be the third derivative of -y**5/60 + 19*y**4/24 + y**3 + 14*y**2. What is the units digit of p(9)?
6
Let v(u) = 2*u + 4 - 7*u + 3*u**2 + 10*u + 5*u**2 + u**3. What is the units digit of v(-6)?
6
Suppose -f - 18 = 2*x + 16, -5*x - 84 = 2*f. Let n be 216/x*(-4)/2. Let g = 63 - n. What is the tens digit of g?
3
Let c be (3/2)/(12/(-32)). Let f(t) = 6*t - 11. Let i(a) = 6*a - 10. Let k(s) = c*f(s) + 3*i(s). What is the tens digit of k(-6)?
5
Suppose -3*f - 2354 = 2*z - 4*z, -4708 = -4*z + 3*f. What is the thousands digit of z?
1
Let n = 15 + 1. Let g = n + -16. Suppose g*i - 2*i = -70. What is the tens digit of i?
3
Suppose 4*s + 2*l = -34, l + 42 = -5*s - l. Let b(m) = -23 + 18 + 5*m + m**2 + 0*m**2. What is the units digit of b(s)?
9
Let k be (-10)/(-25)*(6 - 1). Suppose -75 = -k*h + h. What is the tens digit of h?
7
Suppose 4*i - 20 = -2*y, -4*y + 4*i - 12 = -2*y. Suppose y*g - 83 = -223. Let q = g - -107. What is the units digit of q?
7
Let v = -55 - -637. What is the tens digit of v?
8
Let d(m) be the first derivative of -m**3/